) = -14*q**3 + 9*q**2 - 23*q + 15. Let t(m) = -5*m**3 + 3*m**2 - 8*m + 5. Let c(o) = 17*t(o) - 6*z(o). What is c(-4)?
3
Let j be (9 + -2)*1 - 1. Suppose -j = o - 2. Let q be o/14 - 9/(-7). Let v(s) = -4*s - 1. What is v(q)?
-5
Let v(g) = g + 6. Suppose -12 = -6*p + 18. Determine v(p).
11
Let r(l) = -1118 + 1118 - l. What is r(-1)?
1
Let q be (1 + (-6)/10)*-5. Let x(p) = p**3 + 2*p**2 - p + 2. Let c(a) = -a**3 - 2*a**2 + a - 2. Let m(g) = 4*c(g) + 3*x(g). Give m(q).
-4
Let m(r) = 4*r + 6. Let j(n) = 9*n + 13. Let f(p) = -2*j(p) + 5*m(p). Determine f(6).
16
Let u(w) = -2*w**3 + 3*w**2 - 4*w + 3. Suppose 2*l + 2*c = -6, -21 = -0*l - 3*l + 3*c. Determine u(l).
-9
Let d(n) = -n**2 - 3*n - 5. Let q = 0 + -3. Let t(r) = r**2 + 2*r + 6. Let h(i) = q*d(i) - 2*t(i). Let s be ((-8)/4)/(-2)*-3. What is h(s)?
-3
Let c(v) be the first derivative of v**3/3 + v**2 + v - 3. Calculate c(-4).
9
Let x(z) = -z - 1. Let w be -1 + 3 - (-8)/8. Suppose 5*c + v = w*c - 4, c - 5*v - 20 = 0. Calculate x(c).
-1
Let z = 11 + -9. Let h be 8/(-3)*(-6)/4. Let n(d) = -2*d - h*d**2 - 2 - d**3 + 0*d**2 + 3 + z. Determine n(-3).
0
Let s(k) = -2*k**3 - k**2 - k. Let i be (-4)/14 - (-10)/(-14). Let f be i/(0 + (-2)/10). Suppose -f*w = 1 + 4. Give s(w).
2
Let f(a) = -a**2 + 3*a - 3. Let q be 2 + -6 + 3 - -4. What is f(q)?
-3
Let o(r) be the third derivative of r**5/60 - r**4/4 + 5*r**3/6 - 2*r**2. Calculate o(6).
5
Let o(u) = -u**2 - u - 14. Suppose 4*i + 2*i = 2*i. Determine o(i).
-14
Let x(t) = t**2 + 6*t + 3. Let g = -5 - -3. Let j(b) = b. Let l be j(g). Let k be (l - (-3)/(-6))*2. Determine x(k).
-2
Let p be 1*0*2/6. Let v(n) be the second derivative of p + 1/3*n**3 - 1/2*n**2 - 2*n. Give v(4).
7
Let j(k) = 2*k**3 - 2*k**2 + 5*k + 1. Let m(z) = 2*z**3 + z**3 + 30 - 28 - 2*z**3 + 4*z - 2*z**2. Let y(d) = -2*j(d) + 3*m(d). Calculate y(-3).
7
Suppose -l + 10 = -2*z, 4*z - 24 + 62 = 5*l. Let i = 5 - l. Let m(y) = -y**2 - y. Determine m(i).
0
Let x(l) = -l - l**2 - 5 - 6*l + 8 + 3*l. What is x(2)?
-9
Let l(f) = -f**2 - 6*f + 2. Let g be l(-6). Let s(k) = k + 0*k - 1 + 0*k. Give s(g).
1
Let d(l) be the second derivative of l**6/720 - l**5/120 - l**4/4 - 3*l. Let t(a) be the third derivative of d(a). Give t(2).
1
Suppose -2*f = -4*g - 24, 0 = -3*f + 17 - 5. Let x be g - -2*2/4. Let p(u) = 2*u - 3. What is p(x)?
-9
Let o(f) = 3*f - 1. Let n be o(2). Let z(a) = -3 + a - 3*a + 2 + n*a**2. Let d = -1 - 0. Give z(d).
6
Let f = -4 + 7. Let z(l) = 3*l - 5*l + 3 + f*l. Let n = 4 + -7. Calculate z(n).
0
Let b(c) = -c**3 - 3*c**2 + 2*c + 2. Let z = -38 + 35. Give b(z).
-4
Let l = -18 - -1. Let f = 19 + l. Let d(b) = -6*b + 1. Determine d(f).
-11
Let m be ((-44)/(-20) - 3)*-5. Let a(v) = -v**3 + 6*v**2 - 3*v - 4. Determine a(m).
16
Let n(l) = -l**3 + 8*l**2 - 6*l - 1. Let y be n(7). Let j(v) = v**2 - 7*v - 8. Calculate j(y).
-14
Suppose -n = -9 + 4. Let a(z) = -3*z + z + 12 - 5. What is a(n)?
-3
Suppose b + 3*p + 9 = 0, -3*b = 2*p + 2*p + 7. Let t(n) = -n**3 + 2*n**3 - 4*n**2 + 2*n - 2 + 5. What is t(b)?
0
Suppose -5*i = -o - 0*o + 14, 4*i + 15 = -3*o. Let h(d) = 46*d + 12*d**2 - 1 - 19*d - 28*d. Determine h(o).
12
Let f(b) be the second derivative of 1/20*b**5 + 2/3*b**3 + 7/12*b**4 - 3*b - 3*b**2 + 0. Determine f(-6).
6
Suppose 2*z + 7 = z. Let f(v) = -v**3 - 6*v**2 + 6*v - 4. Give f(z).
3
Let m = -17 - -20. Let h(f) = -f**2 + f. Give h(m).
-6
Let a(s) = -s**3 - 6*s**2 + 9*s + 7. Let o be 58/(-8) - 8/(-32). Determine a(o).
-7
Suppose 0 = h + 4*h - o - 10, -8 = -4*h + 5*o. Suppose 7 - 3 = h*t. Suppose 3*d - 10 - 6 = -5*y, -t*d = 6. Let g(k) = k**2 - 4*k - 5. Calculate g(y).
0
Let y(u) = 2 - u - 4 - 3. Suppose 0 = 8*c + 21 + 19. Calculate y(c).
0
Let u be (-2)/1 - -2 - -6. Let y(d) be the first derivative of 1/2*d**2 + 1 - 2*d. Calculate y(u).
4
Let l(b) be the third derivative of -3*b**2 + 1/3*b**4 + 1/60*b**5 + 5/6*b**3 + 0 + 0*b. Calculate l(-5).
-10
Let i(n) = 6*n**2 - 6*n + 5*n**2 - 3*n**2 + 1. Let u(y) = 17*y**2 - 13*y + 2. Let c(b) = 13*i(b) - 6*u(b). What is c(-1)?
3
Let w(a) = -3*a**3 - 2*a**2 + 2*a + 3. Let x be w(-2). Let r be (12/x)/(8/20). Let i(u) = -2*u - 2*u + 3*u**r - 3 - 2*u**2. Give i(-2).
9
Let w = 49 + -32. Let h = w - 8. Let b(i) = i**2 - 11*i + 12. What is b(h)?
-6
Let i(n) = -2*n - n**2 - 3*n + 4*n + 2*n + 1. Suppose -12 = -4*r + u, 2*r - 4*u - 20 = -0. Calculate i(r).
-1
Let j(d) = 4*d**3 - d**2 - 4*d + 3. Let m(z) = 7*z**3 - 2*z**2 - 7*z + 5. Let f(x) = 5*j(x) - 3*m(x). Determine f(-1).
1
Let h = 21 + -30. Let l be 90*(h/6 - -2). Let j(v) = 2*v**2 + 2 - l*v**3 - 5*v**2 + 47*v**3. What is j(2)?
6
Let c(y) be the first derivative of y**4/4 - 4*y**3/3 - 5*y**2/2 + 6*y - 7. What is c(5)?
6
Let b(h) = h**3 - h**2 + 14. Suppose 2*v = -12 + 12. Give b(v).
14
Let f(l) = l**2 - l - 3. Suppose 0 = 3*c - 9 + 3. Suppose 6*b + 3*j + 4 = c*b, -3*b = 5*j + 14. Let h be 2/(4/b) + -1. Give f(h).
-3
Let f(n) be the third derivative of -n**4/24 - 2*n**3/3 + 3*n**2. Calculate f(-6).
2
Suppose -n + 2*n - 6 = 0. Suppose 0 = -t + 2, 70 = n*w - w + 5*t. Let l(b) = -w*b**3 + 0*b**2 - 1 + 8*b**3 + b**2. Determine l(1).
-4
Let x(w) = 32*w**2 + 4*w - 13*w**2 + 7 - 20*w**2. What is x(5)?
2
Let j(f) = 3*f**3 - f**2 - 5*f - 3. Let o(l) = l**3 - l**2 - 2*l - 1. Let x(c) = 2*j(c) - 5*o(c). Determine x(-2).
3
Let b = -1 - -5. Let d(o) = -b + 4 + 3 - 2*o. Give d(-4).
11
Let d(v) be the third derivative of 0*v - 1/8*v**4 + 0 + 3*v**2 + v**3. Give d(4).
-6
Let z(t) = t**2 - t. Let v(u) = -u**3 + u**2 + 10*u + 7. Let o(j) = -v(j) - 4*z(j). Suppose 0 = -2*b + 26 - 14. What is o(b)?
-7
Let h(k) = -k**2 + 8*k - 8. Suppose 4*a - 5*x - 131 = 0, -a + 2 = -2*x - 27. Suppose 2*m + 30 = 4*z, 2*z - 5*m - a = -2*z. Calculate h(z).
4
Let r(k) be the second derivative of -k**5/10 - k**4/6 + k**3/3 - k**2/2 + 3*k. Let l(j) = -j**2 + 4*j + 6. Let m be l(5). Calculate r(m).
-3
Let y(o) = 2*o**2 - 16*o - 30. Let f be y(10). Let h(l) = l - 9. Give h(f).
1
Let j(p) be the first derivative of -p**2/2 + p + 241. Let m be 1*(0 + -1 - -2). Give j(m).
0
Let p = 7 - 8. Let o(y) = 9*y + 1. What is o(p)?
-8
Let i(f) = -f**2 - 2*f + 2. Let d(k) = -k - 2. Let n be d(-7). Let o = n + -9. Determine i(o).
-6
Let t(s) = 6*s**2 - 2*s - 1. Let c be (-3)/2*18/27. Calculate t(c).
7
Let d(k) = -7*k**2 - 8*k - 6. Let z(h) = h**2 + h + 1. Let l(f) = -d(f) - 6*z(f). Determine l(-2).
0
Let a(q) be the first derivative of -3*q**2/2 + q + 11. Suppose -14 = -4*x + m, 4*x - 5 = -m + 5. Give a(x).
-8
Let y(t) be the third derivative of 7/60*t**5 + 7/24*t**4 + 0 + 0*t**3 + 1/120*t**6 - t**2 + 0*t. What is y(-6)?
-6
Let r(l) = l + 10. Let m(i) = i**2 + 9*i + 9. Let s be m(-7). Let g = -3 - s. Suppose x + 3*x + 19 = -w, 0 = -g*x - 4*w - 6. Determine r(x).
5
Let o be (-1 - 3) + 0 - (-39 + 32). Let l(d) = d**3 - d**2 - 3*d + 2. Calculate l(o).
11
Let z(r) = 2*r**2 - 84*r + 80*r + 3 + 0. Suppose s + 4 = 3*s. Calculate z(s).
3
Let a = 17 + -7. Let v be ((-6)/10)/((-2)/a). Suppose 2*b - 5*o = -v*b + 20, 4 = b + 3*o. Let s(k) = k**2 - 5*k + 6. Give s(b).
2
Let a(w) = 3*w - 2. Let f be 20/9 + 4/(-18). Let j = f - 4. Calculate a(j).
-8
Let u(b) = b + 1. Suppose -3*t + t - 8 = 0. Let i be u(t). Let h(d) = -d**2 - 3*d**2 - d - 2*d - d**3. Give h(i).
0
Let x(w) be the third derivative of w**6/360 + w**5/30 - w**4/12 + w**3/2 + 2*w**2. Let k(h) be the first derivative of x(h). Give k(-5).
3
Let t(o) = -o - o**2 - 3 + 3*o + 0*o. Let w(f) = -2*f - 1. Let c be w(-2). Calculate t(c).
-6
Let n(f) = 0*f**3 + 0*f**3 - 2*f - 2*f**2 + f**3 - 2. Suppose 2*j = d - 2, j + 13 - 3 = 2*d. Let o be 1 + -5 + 1 + d. What is n(o)?
1
Let d(s) = -18*s - 6. Let i be d(5). Let j be i/(-10) - 4/(-10). Let g be 48/j + (-2)/(-10). Let u(h) = -h + 11. What is u(g)?
6
Let j(l) = -3*l. Let x(o) be the second derivative of -o**3/3 + 3*o**2/2 + o. Let u be x(4). Let h = u + 4. Give j(h).
3
Let q(b) = 2*b**2 + 2*b - 16. Let g be q(-4). Let i(t) = -t - 2 + 0 + 8. Determine i(g).
-2
Let b(z) be the second derivative of z**3/2 + 5*z**2 + 2*z. What is b(-7)?
-11
Let f(s) = -s + 3. Let b(r) = r - 25. Let u be b(19). Suppose -i + 3 = -4*i. Let m be (i - u/4)*-6. Calculate f(m).
6
Let m = 2 - 0. Let j(o) = o**3 + 6*o**2 - m*o - 1 + 3*o + 2*o. Suppose 0 = 5*x + 4*w - 3*w + 27, 4*w = x - 3. What is j(x)?